 m**3 + 222*m**2 - 1845*m - 1141. What is q(-230)?
9
Let x(v) = -v**3 - 92*v**2 + 11*v - 7614. Determine x(-93).
12
Let r(i) = i**2 + 682*i + 3349. Calculate r(-5).
-36
Let n(i) = -i**3 - 330*i**2 + 1582*i + 450. Calculate n(5).
-15
Let f(i) = 10*i**3 + 291*i**2 + 11*i - 59. Determine f(-29).
463
Let t(d) = -2*d**2 + 141*d + 86162. Calculate t(246).
-184
Let s(d) = 39348*d - 2164131. What is s(55)?
9
Let a(b) = 921*b**2 - 55261*b + 65. Give a(60).
5
Let w(t) = -t**3 + 19*t**2 - 15*t - 222. Calculate w(16).
306
Let w(a) = -236*a - 6858. Give w(-29).
-14
Let s(o) = 28*o**2 + 444*o + 1548. Determine s(-10).
-92
Let g(y) = 11*y**2 + 7715*y - 51698. Calculate g(-708).
-14
Let v(x) = 4*x**3 + 27*x**2 + 1291*x - 11744. Give v(7).
-12
Let s(f) = 1872*f - 15229. Determine s(8).
-253
Let b(r) = r**3 + 228*r**2 - 14915*r - 6179. Give b(-281).
3
Let u(j) = 2*j**2 - 3727*j - 1896542. Calculate u(-416).
2
Let g(y) = 5*y**2 + 1236*y - 4751. Give g(-251).
18
Let x(v) = 4*v**3 - 4097*v**2 + 9193*v + 5110. Give x(1022).
0
Let u(c) = -5*c**2 + 281*c - 458. Calculate u(57).
-686
Let c(d) = 404930*d + 13362720. Calculate c(-33).
30
Let n(j) = j**3 - 16*j**2 - 208*j + 4126. Determine n(20).
1566
Let k(b) = -b**3 - 5*b**2 - 424*b + 5583. Determine k(10).
-157
Let n(o) = 10*o**2 - 1764*o - 1765. Calculate n(-1).
9
Let m(x) = -75*x**2 + 250*x + 1997. Determine m(7).
72
Let a(n) = -4*n**2 - 617*n - 220. Determine a(-154).
-66
Let k(v) = 9*v**2 + 1371*v + 6822. Calculate k(-5).
192
Let q(u) = -1766*u + 459187. What is q(260)?
27
Let m(v) = -2*v**2 - 1570637*v - 4711895. Determine m(-3).
-2
Let n(f) = 1378*f**2 + 22068*f - 86. Determine n(-16).
-406
Let g(q) = 79*q - 2618. What is g(7)?
-2065
Let d(y) = -y**3 + 2*y**2 + 112*y + 120. Determine d(-8).
-136
Let x(h) = -2926*h - 102154. Give x(-35).
256
Let k(h) = -8*h**2 + 1925*h - 1201. What is k(240)?
-1
Let j(z) = -9*z**2 - 189930*z - 949421. Calculate j(-5).
4
Let l(s) = -1063*s - 20909. What is l(-20)?
351
Let n(p) = 364*p + 11993. What is n(-31)?
709
Let t(i) = 2*i**3 - 37*i**2 + 185*i - 485. Determine t(13).
61
Let d(m) = m**3 - 180*m**2 + 1544*m - 316. Give d(171).
539
Let c(l) = 220*l**2 - 25298*l - 178. Determine c(115).
52
Let m(l) = -l**2 - 119*l + 398. Give m(-125).
-352
Let u(s) = s**3 - 8*s**2 - 52*s + 505. What is u(10)?
185
Let o(y) = -6*y**3 + 36*y**2 - 216*y - 15. Give o(5).
-945
Let i(y) = -3121*y**2 + 3119*y + 46. Give i(1).
44
Let y(v) = -18*v**2 - 579*v + 945. Give y(-38).
-3045
Let t(z) = 146074*z + 3067553. Determine t(-21).
-1
Let p(g) = -g**3 - 109*g**2 + 819*g + 824. Calculate p(-116).
12
Let g(f) = 8*f**2 + 145*f - 181. Give g(-12).
-769
Let v(d) = -3*d**3 - 6*d**2 + 25*d + 3. Determine v(4).
-185
Let a(n) = -4522*n + 31412. What is a(7)?
-242
Let c(n) = -2*n**2 + 665*n + 32316. Calculate c(-43).
23
Let a(s) = 3261*s**2 + 215229*s + 94. What is a(-66)?
-104
Let s(n) = -6*n**2 + 10*n + 8348. Calculate s(38).
64
Let v(f) = -3*f**2 + 2663*f + 8001. Give v(-3).
-15
Let k(t) = -t**3 + 35*t**2 + 352*t - 35. Determine k(-8).
-99
Let w(k) = -3*k**2 + 102*k + 229. Give w(35).
124
Let n(s) = 1167*s - 15259. Give n(13).
-88
Let v(b) = 8*b**2 + 5337*b - 5338. Determine v(1).
7
Let j(s) = 20*s**3 - 14*s**2 + 67*s - 151. Give j(3).
464
Let i(t) = -t**3 - 108*t**2 + 429*t + 10654. Give i(-111).
-2
Let z(k) = -k**2 - 396*k - 8569. What is z(-23)?
10
Let x(l) = l**3 + 473*l**2 - 6280*l - 40. Calculate x(13).
454
Let a(s) = 5*s**3 - 1194*s**2 - 236*s - 520. Calculate a(239).
197
Let s(c) = -377*c - 3079. Determine s(-8).
-63
Let j(m) = 3*m**2 - 164*m - 978. Determine j(35).
-3043
Let w(v) = -1439*v + 7410. Calculate w(5).
215
Let u(w) = -w**3 - 16*w**2 - 92*w - 2801. What is u(-19)?
30
Let f(x) = -x**3 + 11*x**2 + 153*x - 1171. Determine f(16).
-3
Let a(q) = q**3 - 13*q**2 - 76*q + 1320. Determine a(13).
332
Let y(x) = -1661*x + 194333. Give y(117).
-4
Let n(t) = t**3 - 61*t**2 + 881*t - 725. Give n(39).
172
Let q(s) = -666*s**3 - 1995*s**2 + 22*s + 38. What is q(-3)?
-1
Let s(l) = -60*l**2 + 37254*l + 3783. Give s(621).
57
Let z(c) = -492*c - 83603. Calculate z(-170).
37
Let w(v) = 54*v**2 + 814*v + 27. Give w(-15).
-33
Let f(s) = -19*s**2 - 13*s - 88. Give f(-5).
-498
Let a(l) = -25*l**2 - 4482*l + 57384. Determine a(12).
0
Let k(f) = -5*f**3 + 62*f**2 - 37*f - 440. Determine k(11).
0
Let x(l) = -l**3 - 25*l**2 - 535*l + 47. What is x(-15)?
5822
Let x(d) = 23*d**2 - 845*d + 147. Give x(35).
-1253
Let w(v) = v**2 + 292*v + 9387. What is w(-37)?
-48
Let y(c) = 1442395*c - 4327179. Give y(3).
6
Let g(b) = 10*b**2 - 99*b - 87. Calculate g(10).
-77
Let o(k) = -420992*k - 2104963. Give o(-5).
-3
Let l(w) = -4*w**2 + 171*w + 4063. Determine l(-17).
0
Let x(s) = s**3 - 22*s**2 - 150*s + 3218. Give x(12).
-22
Let g(k) = 343*k + 14584. Determine g(-43).
-165
Let h(d) = 35026*d + 630451. Determine h(-18).
-17
Let d(q) = -2807014*q + 25263119. Determine d(9).
-7
Let u(m) = 20*m**2 + 465*m + 3753. Determine u(-15).
1278
Let r(n) = 32784*n - 98353. What is r(3)?
-1
Let m(b) = -6*b**2 + 154*b - 94. Give m(24).
146
Let d(b) = -4239*b + 21298. Calculate d(5).
103
Let q(c) = -9*c**2 + 21*c - 40. Give q(10).
-730
Let c(h) = 2708*h + 286551. Calculate c(-106).
-497
Let i(q) = -7*q**3 + 13*q**2 - 423*q + 840. Calculate i(2).
-10
Let k(l) = l**3 - 2*l**2 - 491*l + 195. Calculate k(23).
11
Let j(o) = -144*o**3 + 2017*o**2 - 3087*o + 43019. Determine j(14).
-3
Let n(f) = -659*f + 15122. Give n(22).
624
Let s(r) = -5*r**3 + 314*r**2 - 2599*r + 97. Determine s(53).
-9
Let c(s) = -s**3 + 66*s**2 + 26*s - 1938. What is c(66)?
-222
Let u(w) = -3*w**2 + 557*w + 189356. What is u(-175)?
6
Let t(a) = -a**3 + 45*a**2 - 525*a + 361. Give t(28).
-1011
Let r(p) = 9*p**3 + 70*p**2 - 2*p + 174. Give r(-8).
62
Let j(g) = 22*g**2 + 1238*g + 1554. Calculate j(-55).
14
Let f(u) = 388*u**3 - 18*u**2 - 14*u + 3. Give f(-1).
-389
Let k(s) = 45*s**2 - 697*s + 2373. What is k(5)?
13
Let k(h) = 715*h + 58002. What is k(-81)?
87
Let l(a) = 2*a**3 - 38*a**2 - 33*a + 1816. Calculate l(14).
-606
Let x(o) = -22*o**3 + 27*o**2 - 2*o + 165. Give x(0).
165
Let j(a) = -a**2 + 709*a - 7086. Calculate j(10).
-96
Let n(q) = -5*q**2 - 1101*q - 50045. Calculate n(-156).
31
Let j(r) = 215*r**2 + 26*r - 63. What is j(2)?
849
Let l(w) = 11*w**2 + 2781*w - 14054. What is l(5)?
126
Let l(w) = 48*w**2 - 1200*w + 5795. What is l(6)?
323
Let t(a) = 71*a**2 + 349*a - 1420. Determine t(4).
1112
Let b(j) = j**2 + 172*j + 1577. Give b(-10).
-43
Let s(d) = 7*d**2 + 3174*d - 4. Give s(0).
-4
Let u(r) = -360*r - 6418. Determine u(-20).
782
Let b(s) = 793*s**3 + s**2 - 432*s - 870. What is b(-2)?
-6346
Let c(f) = f**3 + 52*f**2 + 692*f + 263. Give c(-25).
-162
Let y(v) = v**3 + 277*v**2 + 1902*v + 3239. Calculate y(-270).
-1
Let f(k) = -k**3 + 36*k**2 + 779*k + 323. Determine f(-15).
113
Let w(a) = 11*a**3 - 198*a**2 + 611*a + 2. Give w(3).
350
Let b(k) = -74*k**2 + 167*k + 27. Determine b(-1).
-214
Let z(s) = s**2 + 338*s + 5163. Determine z(-16).
11
Let y(a) = 195*a - 2369. Give y(12).
-29
Let q(n) = -n**2 + 109*n + 1409. Give q(120).
89
Let t(u) = 251*u + 12671. Calculate t(-50).
121
Let t(s) = 3*s**2 + 705*s - 100502. Calculate t(-335).
-2
Let k(p) = -1708635*p - 17086357. Calculate k(-10).
-7
Let w(b) = 5*b**3 - 530*b**2 - 613*b + 8341. Calculate w(107).
-5
Let l(w) = 7*w**2 - 101*w - 25502. Calculate l(68).
-2
Let c(p) = 1174*p + 289931. Calculate c(-247).
-47
Let o(u) = 112024*u + 560131. What is o(-5)?
11
Let h(v) = 29*v**2 - 609*v + 1207. Calculate h(19).
105
Let m(k) = 82*k**2 + 675*k - 1469. What is m(-10)?
-19
Let y(s) = 2294*s**2 + 52775*s + 317. Calculate y(-23).
18
Let y(l) = 1140*l**2 + 964442*l + 1697. Calculate y(-846).
5
Let n(a) = 2*a**3 + 622*a**2 + 668*a + 14938. Determine n(-310).
58
Let y(v) = -7*v**3 + 92*v**2 - 196*v - 243. Give y(10).
-3
Let g(z) = -2*z**2 - 408*z - 14123. Calculate g(-45).
187
Let k(v) = v**3 - 33*v**2 - 3909*v - 254. Give k(81).
-1955
Let j(l) = -9215*l + 2617059. Calculate j(284).
-1
Let h(w) = -w**3 + 456*w**2 - 860*w - 21688. Determine h(454).
104
Let s(u) = -69279*u + 415674. Give s(6).
0
Let h(v) = v**3 - 421*v**2 + 22260*v - 106. Calculate h(62).
18
Let b(w) = -111*w - 3374. Give b(-45).
1621
Let f(l) = 37140*l + 74265. Calculate f